number?
False
Is 3484231 prime?
True
Is 4613 composite?
True
Is 8419 composite?
False
Is 84171 a prime number?
False
Is 66479 composite?
True
Is 2389 composite?
False
Is 4861 a composite number?
False
Is 253993 a prime number?
True
Is 17558 prime?
False
Is 1671 a prime number?
False
Is 132019 a prime number?
True
Is 169487 prime?
False
Is 265381 composite?
False
Is 793 composite?
True
Is 489183 a prime number?
False
Is 9651 a prime number?
False
Is 9277 prime?
True
Is 2058801 prime?
False
Is 69347 a composite number?
True
Is 574703 prime?
True
Is 5461 a prime number?
False
Is 289 composite?
True
Is 34495 composite?
True
Is 32845 prime?
False
Is 517 a composite number?
True
Is 133053 composite?
True
Is 28321 prime?
False
Is 303643 composite?
False
Is 14881 composite?
True
Is 766237 a composite number?
False
Is 3093 a composite number?
True
Is 19977 composite?
True
Is 686663 a prime number?
False
Is 73847 a composite number?
False
Is 219041 prime?
True
Is 36373 a composite number?
False
Is 295111 composite?
False
Is 71459 a composite number?
True
Is 1665749 a composite number?
True
Is 6581 prime?
True
Is 24281 a composite number?
False
Is 147961 a prime number?
False
Is 613399 a composite number?
True
Is 365201 a prime number?
True
Is 26267 a prime number?
True
Is 6702703 a composite number?
True
Is 27539 composite?
False
Is 38267 prime?
False
Is 4727 a composite number?
True
Is 70111 composite?
False
Is 45209 prime?
False
Is 8269 composite?
False
Is 1157 prime?
False
Is 3239 a composite number?
True
Is 73585 prime?
False
Is 28349 a prime number?
True
Is 2045 composite?
True
Is 5513 composite?
True
Is 206 a prime number?
False
Is 91 a composite number?
True
Is 1765 a composite number?
True
Is 359777 composite?
True
Is 8813 a composite number?
True
Is 26231 a composite number?
True
Is 2939 a prime number?
True
Is 9053 a prime number?
False
Is 22613 composite?
False
Is 6401 composite?
True
Is 49151 a prime number?
False
Is 334051 a prime number?
False
Is 7451 prime?
True
Is 25391 composite?
False
Is 72273 a prime number?
False
Is 871 a composite number?
True
Is 15389 a composite number?
True
Is 2887 prime?
True
Is 6421 composite?
False
Is 1116301 prime?
True
Is 89153 a composite number?
False
Is 1418 prime?
False
Is 2472695 prime?
False
Is 5245 a prime number?
False
Is 2459 a composite number?
False
Is 79309 composite?
False
Is 227926 prime?
False
Is 75343 a prime number?
False
Is 4705657 prime?
False
Is 21121 a prime number?
True
Is 557 a composite number?
False
Is 259429 prime?
True
Is 1408763 a composite number?
False
Is 614041 a composite number?
False
Is 201101 composite?
False
Is 5561 a prime number?
False
Is 203113 prime?
False
Is 354337 a prime number?
True
Is 11359 composite?
True
Is 226711 a composite number?
True
Is 1171 a composite number?
False
Is 4267 composite?
True
Is 4201 a prime number?
True
Is 64983 composite?
True
Is 30029 a composite number?
False
Is 6139 prime?
False
Is 6907 prime?
True
Is 1172981 prime?
True
Is 947969 a composite number?
True
Is 51383 prime?
True
Is 647477 prime?
True
Is 23189 composite?
False
Is 515041 prime?
True
Is 9166 prime?
False
Is 148061 a prime number?
True
Is 3457 composite?
False
Is 234397 a prime number?
False
Is 6635 a composite number?
True
Is 1487209 composite?
True
Is 6623 composite?
True
Is 131993 a composite number?
True
Is 335947 a prime number?
False
Is 1152986 a prime number?
False
Is 17279 a prime number?
False
Is 303 a prime number?
False
Is 14185 composite?
True
Is 64271 a composite number?
False
Is 27623 prime?
False
Is 93085 a prime number?
False
Is 223807 prime?
False
Is 506083 prime?
True
Is 220973 composite?
False
Is 4741673 composite?
False
Is 94421 a composite number?
False
Is 2524399 prime?
False
Is 62165 a composite number?
True
Is 27173 composite?
True
Is 4391 a composite number?
False
Is 5351 composite?
False
Is 1343 composite?
True
Is 10021 a composite number?
True
Is 128697 prime?
False
Is 29201 prime?
True
Is 268847 composite?
True
Is 314807 composite?
False
Is 3433 prime?
True
Is 63107 a composite number?
True
Is 5563 prime?
True
Is 2218961 prime?
False
Is 1339 prime?
False
Is 156667 composite?
True
Is 37451 a prime number?
False
Is 1290983 a prime number?
True
Is 452519 prime?
True
Is 379 prime?
True
Is 112751 composite?
True
Is 12437 a prime number?
True
Is 10546 prime?
False
Is 314543 a prime number?
True
Is 229433 prime?
True
Is 16391 a prime number?
False
Is 15791 a prime number?
True
Is 4289 prime?
True
Is 2049947 composite?
True
Is 760807 composite?
False
Is 11777 composite?
False
Is 67661 composite?
True
Is 51449 a prime number?
True
Is 254699 a composite number?
False
Is 23227 composite?
False
Is 371 prime?
False
Is 599 a prime number?
True
Is 88391 composite?
True
Is 586837 a prime number?
True
Is 1404617 a composite number?
False
Is 85 prime?
False
Is 85573 composite?
True
Is 60443 a prime number?
True
Is 37421 prime?
False
Is 22147 a composite number?
False
Is 4009 a composite number?
True
Is 28513 a prime number?
True
Is 12353663 a composite number?
True
Is 276319 prime?
True
Is 792317 prime?
True
Is 2099 composite?
False
Is 461507 a prime number?
True
Is 479 composite?
False
Is 140297 composite?
False
Is 5981 prime?
True
Is 605809 a composite number?
False
Is 186923 a prime number?
False
Is 901247 a composite number?
False
Is 28363 composite?
True
Is 331 composite?
False
Is 55565 a composite number?
True
Is 645151 prime?
False
Is 4561 a composite number?
False
Is 9293 a composite number?
False
Is 4367 prime?
False
Is 5371 a composite number?
True
Is 10211 a prime number?
True
Is 1172679 a composite number?
True
Is 3299 composite?
False
Is 10594 a prime number?
False
Is 6121 a prime number?
True
Is 1039 prime?
True
Is 43603 prime?
False
Is 15857 composite?
True
Is 785 a composite number?
True
Is 488713 a composite number?
True
Is 3439 prime?
False
Is 56273 composite?
True
Is 6247 composite?
False
Is 233179 a composite number?
True
Is 1876949 composite?
False
Is 251581 a composite number?
True
Is 5039 a composite number?
False
Is 61453 prime?
False
Is 97753 prime?
False
Is 18617 prime?
True
Is 250385 composite?
True
Is 40163 a prime number?
True
Is 12319 prime?
False
Is 45817 a composite number?
False
Is 1093871 prime?
True
Is 3407 a composite number?
False
Is 35639 composite?
True
Is 136757 composite?
True
Is 1213843 composite?
True
Is 6823 a composite number?
False
Is 799 composite?
True
Is 24221 composite?
True
Is 608357 a prime number?
True
Is 8609 a prime number?
True
Is 16145 composite?
True
Is 2093761 prime?
True
Is 331 a prime number?
True
Is 238151 a prime number?
True
Is 226741 prime?
True
Is 537 prime?
False
Is 14863 composite?
True
Is 2431021 composite?
True
Is 2579 composite?
False
Is 3589 a prime number?
False
Is 1252123 composite?
False
Is 522355 a prime number?
False
Is 215011 prime?
False
Is 165437 a composite number?
False
Is 23407 a composite number?
True
Is 32831 composite?
False
Is 20011 prime?
True
Is 314059 prime?
True
Is 1321745 prime?
False
Is 284047 composite?
True
Is 995753 prime?
False
Is 269989 prime?
False
Is 69427 prime?
True
Is 310267 prime?
False
Is 424397 prime?
True
Is 9121 a prime number?
False
Is 6913 a prime number?
False
Is 23401 a prime number?
False
Is 7093 a composite number?
True
Is 22735 composite?
True
Is 415907 prime?
False
Is 9239 prime?
True
Is 133769 composite?
False
Is 202639 a prime number?
True
Is 43709 prime?
False
Is 12459 a composite number?
True
Is 25059 composite?
True
Is 95539 a composite number?
False
Is 5147 prime?
True
Is 11785 a composite number?
True
Is 34183 a composite number?
False
Is 7919 composite?
False
Is 24257 a composite number?
True
Is 14741 composite?
False
Is 684083 prime?
False
Is 29157 a prime number?
False
Is 4249 a composite number?
True
Is 168754 a composite number?
True
Is 3199 composite?
True
Is 54163 a prime number?
True
Is 1878181 prime?
True
Is 28943 composite?
True
Is 1537 a composite number?
True
Is 67601 a composite number?
False
Is 56081 prime?
True
Is 265957 composite?
False
Is 8329 composite?
False
Is 14173 a prime number?
True
Is 167641 composite?
False
Is 1721 composite?
False
Is 21833 prime?
False
Is 153559 a prime number?
False
Is 55 a prime number?
False
Is 1